0
Suppose 0 = -z + 3*z - 12. Let b = 6 + z. Suppose -3*m + 3*v + 26 = -4, m + 3*v + 10 = 0. Calculate the remainder when b is divided by m.
2
Suppose 0 = -k - 4*d - 0*d - 4, 2*d = 2*k - 32. Calculate the remainder when 26 is divided by k.
2
Suppose y - 2 = -0. Suppose 0*p = -y*p + u, 2*u - 4 = 2*p. What is the remainder when 7 is divided by p?
1
Calculate the remainder when 125 is divided by 294/9 + (16/(-6) - -2).
29
Let p = -31 - -38. What is the remainder when 18 is divided by p?
4
Let w(c) = -c**3 - 3*c**2 + 14*c + 38. Calculate the remainder when w(-5) is divided by 7.
4
Let n(d) be the first derivative of d**2/2 - d + 1. Calculate the remainder when n(2) is divided by 1.
0
Suppose 2*d = -3*t + 73, -3*d - 4 = -5*t - 85. What is the remainder when 62 is divided by d?
30
Let r(v) = -v**2 + v + 29. What is the remainder when r(0) is divided by (-976)/(-64) - 6/(-8)?
13
Let a be 1 + -2 + (-48)/(-1). Suppose -a = 2*i + 1. What is the remainder when -2 - (i*1 - -1) is divided by 11?
10
Let p(a) = -10*a - 2. Let b = 210 + -141. Let k = 122 - b. Calculate the remainder when k is divided by p(-2).
17
Suppose 0 = 5*c - 11 + 1. Suppose -5*h - 3*u + 21 = 0, -5*h + 4*h - 5*u = 9. Suppose 5*l + 1 = h. What is the remainder when c is divided by l?
0
Let u be (3*164/6)/1. Let a = u + -49. Let w = -17 + a. Calculate the remainder when w is divided by 6.
4
Suppose 8*d + s = 3*d + 77, 4*d - s = 67. Calculate the remainder when 2/(6/3) + 61 is divided by d.
14
Suppose 4*d + 0 - 8 = 0. What is the remainder when 21 is divided by (1 - -2 - -19)/d?
10
Let v = -27 + 41. Suppose -3*m = -0*m. Suppose -3*w + 194 = 5*s, -4*s + 2*w = -m*s - 164. Calculate the remainder when s is divided by v.
12
Let n = 27 + -24. Suppose -3*h - 9 = -h + 3*q, 5*q = -4*h - 13. Calculate the remainder when h is divided by n.
0
Let d(p) = p + 3. Let k be d(3). Suppose l - k = 8. Let a = l + 23. What is the remainder when a is divided by 13?
11
Suppose 5*j - l = 55, 0*j = 2*j + l - 15. Let b = -166 - -204. Calculate the remainder when b is divided by j.
8
Let m(n) = -n**2 + 6*n - 1. Calculate the remainder when m(5) is divided by 3.
1
Let x = -8 - -12. Suppose -14 + 3 = -3*y + 2*z, 0 = 5*y - z - 23. Calculate the remainder when y is divided by x.
1
Suppose 5*i - 1 - 84 = 0. Calculate the remainder when 50 is divided by i.
16
Let a(x) = x**3 - 3*x**2 - 2*x - 7. Suppose 0*g = -5*g - 15. Let m be (2 - g)*1/1. What is the remainder when a(m) is divided by 17?
16
Suppose 126 = 5*w + 2*w. Calculate the remainder when 34 is divided by w.
16
Let u be (-1)/(3/(-12)) - -2. Let y = u + -3. Suppose -3*g = 5*q - 70, -4*q + 2*g + 93 = -y*g. Calculate the remainder when q is divided by 9.
8
What is the remainder when (68/6)/(10/15) is divided by (-108)/(-21) - (-2)/(-14)?
2
Let a = -32 - 23. Let t = 17 - a. What is the remainder when t is divided by 25?
22
Suppose 0 = t - o - 14, t - 54 = -3*t + 5*o. What is the remainder when 38 is divided by t?
6
Suppose -h - 74 = -23. Let f = 196 + h. Suppose 99 = 4*p - f. What is the remainder when p is divided by 21?
19
Let u(f) = f**3 - 4*f**2 + 3*f. Let x be u(3). Suppose 4*z - z - 78 = x. Suppose 0*m + 36 = 4*m. What is the remainder when z is divided by m?
8
Suppose -813 = -16*z + 1715. What is the remainder when z is divided by 23?
20
Suppose -2*a = 4*j - 76, -3*a + 3*j = -a - 76. Calculate the remainder when a is divided by 10.
8
Let q(z) = z**3 - 5*z**2 - z + 6. Let b be q(5). Let d = 22 - b. What is the remainder when 82 is divided by d?
19
Suppose 0 = -j - 1 + 4. Suppose 14 - 4 = 5*m. What is the remainder when j is divided by m?
1
Suppose -2*z = f - 0*f - 2, -f - 5*z = -5. Suppose f*l - 3*l = 33. Let p = l + 24. What is the remainder when 25 is divided by p?
12
Suppose m + 3*m + 112 = 0. Let y = -21 - m. What is the remainder when 27 is divided by y?
6
Let c(g) = -g**2 + 5*g - 2. Suppose 3*b + 5 + 1 = 0. What is the remainder when c(4) is divided by (-2)/b - 0/(-2)?
0
Let z(n) = n**3 + 10*n**2 + 10*n + 22. What is the remainder when 21 is divided by z(-9)?
8
Let y = -10 + 14. Suppose -3*i + 2*i = 0. Suppose -y*p + i*p + 4 = 0. Calculate the remainder when 2 is divided by p.
0
Calculate the remainder when (-15)/(2*3/(-10)) is divided by 7.
4
Suppose -y - 2*y + 330 = 3*s, -5*s = -4*y - 514. Suppose -3*b - 2*b + s = d, 0 = -3*b - 5*d + 46. Calculate the remainder when 86 is divided by b.
20
Suppose 42*j = 36*j + 66. What is the remainder when 18 is divided by j?
7
Let z(b) = 5*b**2 + 3*b + 1. Suppose 0 = -0*u + 3*u - 42. What is the remainder when z(3) is divided by u?
13
Let y(g) = 1. Let p(m) = 7*m - 9. Let s(i) = -p(i) - 6*y(i). Let k be s(-7). Suppose -l - k = -3*l. What is the remainder when l is divided by 9?
8
Let f be (48/9)/(8/12). Suppose 2*t - 10 - f = 0. Suppose x = -h - 3*h + 71, 0 = -2*h - x + 37. What is the remainder when h is divided by t?
8
Suppose -2*y + 8 + 8 = 0. Let j(o) = -4*o + 2. What is the remainder when j(-3) is divided by y?
6
Suppose -16 - 216 = -4*j. Let v = -29 + 49. Calculate the remainder when j is divided by v.
18
Suppose 2*d - 6*d = -72. Let x = 30 - d. Suppose 35 = 5*j - 5*n, 0*n - 5*n + 14 = 2*j. What is the remainder when x is divided by j?
5
Let g = -22 + 30. Let i(p) = 2*p**2 - 5*p - 4*p**2 - 1 + 3*p**2. Calculate the remainder when i(g) is divided by 13.
10
Suppose 0 = -4*k - 2*y + 38, -5*k + 44 = -y - 0*y. Calculate the remainder when 15 is divided by k.
6
What is the remainder when 12 is divided by ((-3)/9*-2)/(1/12)?
4
Suppose 3*h = -0*h - 5*s + 13, 0 = h + s - 3. Suppose -50 = l - 6*l. Suppose -3*w = -2*w - 2*b - 6, 3*b + l = 2*w. What is the remainder when w is divided by h?
0
Let f = 1 + 1. Suppose f*k - 1 = 3*k. Let g(b) = -13*b**3 - b**2 - 2*b - 1. Calculate the remainder when 25 is divided by g(k).
12
What is the remainder when 18 is divided by 16/(-40) - (-37)/5?
4
Let q = -34 + 58. What is the remainder when 7 is divided by (-10)/3*q/(-16)?
2
Let c be -90*2/(-10)*4. Suppose -2*o = -4*o + c. Let k = 54 + -35. What is the remainder when o is divided by k?
17
Let d(f) = -2*f**2 - 4*f + 1. Let j be d(-3). Let y = j - -7. Calculate the remainder when 7 is divided by y.
1
Suppose -g = 4*s - 595, 182 = 5*s - 4*g - 567. Calculate the remainder when s is divided by 25.
24
Suppose 2 = 2*f - 14. Suppose 3*u - 5*r = 31 + 35, 0 = 5*u - 3*r - 110. What is the remainder when u is divided by f?
6
Suppose 3*y = 4*t - 71 - 46, 4*y + 66 = 2*t. What is the remainder when t is divided by 11?
5
Let d = 6 - 4. Suppose -2*p = -2*j - p + 18, -4*j - 3*p = -26. What is the remainder when j is divided by 11/d + (-3)/6?
3
Let c(i) = 4 + 20*i - 2 + 16*i - 6*i. Let q be c(7). Suppose -4*t - 4 = -q. What is the remainder when t is divided by 18?
16
Let r(g) = -g**2 + 10*g - 2. What is the remainder when r(8) is divided by 10?
4
Suppose 4*f = -0*f. Suppose -r - 2*r + 30 = f. What is the remainder when (4/r)/((-3)/(-225)) is divided by 16?
14
Let h = 4 - 2. Suppose h*s + 0*s - 86 = 0. Calculate the remainder when s is divided by 4/(-14) - 553/(-49).
10
Calculate the remainder when 32 is divided by (-5)/2*(-22)/5.
10
Suppose -2*h + 4*l = -4*h + 26, -5*h + 40 = 5*l. Let m = -2 + 3. What is the remainder when m - (-6*1)/2 is divided by h?
1
Calculate the remainder when (-8 + 10 + -5)*-22 is divided by 17.
15
Suppose -t - t + 84 = 0. Let p be (-2)/(-2 + 0) + -9. Let y = p + 19. Calculate the remainder when t is divided by y.
9
Calculate the remainder when -6*38/8*-2 is divided by 15.
12
Suppose 3*b - 4 - 5 = 0. Suppose -b*v + 330 = -7*d + 2*d, 3*v = -d - 48. Let s = d - -105. What is the remainder when s is divided by 22?
20
Let y(t) = -t**2 - 15*t + 12. Calculate the remainder when y(-12) is divided by 13.
9
Let c(k) = 2*k - 4. Let l be c(3). Suppose -2*u = -y + 3 + l, y = -4*u + 17. What is the remainder when 35 is divided by y?
8
Calculate the remainder when 50 is divided by (-3 - -17)*(-3)/(-3).
8
Suppose w + u - 2*u - 3 = 0, 29 = -2*w - 5*u. Calculate the remainder when 6 is divided by 7 + (w - -1) + -2.
2
Let s(b) = b + 3. What is the remainder when 29 is divided by s(2)?
4
Let r be 29/(-1) + (2 - 3). Let d = r - -49. Let b = -8 + 43. What is the remainder when b is divided by d?
16
Let q = 362 + -209. Suppose 4*a + 13 - q = 3*v, -4